{"id":450,"date":"2017-09-19T21:46:18","date_gmt":"2017-09-19T19:46:18","guid":{"rendered":"http:\/\/diaspora-tn.org\/mli\/?page_id=450"},"modified":"2017-10-16T18:26:57","modified_gmt":"2017-10-16T16:26:57","slug":"location-materiels-audiovisuel","status":"publish","type":"page","link":"https:\/\/mliprod.com\/index.php\/location-materiels-audiovisuel\/","title":{"rendered":"Location Mat\u00e9riels Audiovisuel"},"content":{"rendered":"<p>[et_pb_section bb_built=&#8221;1&#8243; fullwidth=&#8221;off&#8221; specialty=&#8221;off&#8221; _builder_version=&#8221;3.0.49&#8243; background_image=&#8221;http:\/\/mliprod.com\/wp-content\/uploads\/2017\/09\/video_captation_tribal_sound.jpg&#8221; custom_padding=&#8221;80px||80px|&#8221;][et_pb_row background_position=&#8221;top_left&#8221; background_repeat=&#8221;repeat&#8221; background_size=&#8221;initial&#8221;][et_pb_column type=&#8221;4_4&#8243;][et_pb_button _builder_version=&#8221;3.0.82&#8243; button_text=&#8221;Location Mat\u00e9riels AudioVisuel&#8221; url_new_window=&#8221;off&#8221; button_alignment=&#8221;center&#8221; background_layout=&#8221;light&#8221; custom_button=&#8221;off&#8221; button_icon_placement=&#8221;right&#8221; box_shadow_position=&#8221;outer&#8221; \/][et_pb_text _builder_version=&#8221;3.0.49&#8243; background_layout=&#8221;light&#8221; text_orientation=&#8221;left&#8221; border_style=&#8221;solid&#8221; module_alignment=&#8221;left&#8221; \/][\/et_pb_column][\/et_pb_row][\/et_pb_section][et_pb_section bb_built=&#8221;1&#8243; admin_label=&#8221;section&#8221;][et_pb_row background_position=&#8221;top_left&#8221; background_repeat=&#8221;repeat&#8221; background_size=&#8221;initial&#8221;][et_pb_column type=&#8221;4_4&#8243;][et_pb_cta _builder_version=&#8221;3.0.49&#8243; title=&#8221;SONY HXR-MC1500&#8243; url_new_window=&#8221;off&#8221; use_background_color=&#8221;on&#8221; background_layout=&#8221;dark&#8221; border_style=&#8221;solid&#8221; custom_button=&#8221;off&#8221; button_letter_spacing=&#8221;0&#8243; button_icon_placement=&#8221;right&#8221; button_letter_spacing_hover=&#8221;0&#8243; \/][\/et_pb_column][\/et_pb_row][et_pb_row admin_label=&#8221;row&#8221; background_position=&#8221;top_left&#8221; background_repeat=&#8221;repeat&#8221; background_size=&#8221;initial&#8221;][et_pb_column type=&#8221;1_3&#8243;][et_pb_gallery _builder_version=&#8221;3.0.49&#8243; show_title_and_caption=&#8221;off&#8221; show_pagination=&#8221;on&#8221; gallery_ids=&#8221;444,443,442,445&#8243; fullwidth=&#8221;on&#8221; orientation=&#8221;landscape&#8221; zoom_icon_color=&#8221;#00a8ff&#8221; hover_overlay_color=&#8221;rgba(255,255,255,0.9)&#8221; background_layout=&#8221;light&#8221; border_style=&#8221;solid&#8221; auto=&#8221;off&#8221; hover_icon=&#8221;%%40%%&#8221; \/][\/et_pb_column][et_pb_column type=&#8221;2_3&#8243;][et_pb_text _builder_version=&#8221;3.0.49&#8243; background_layout=&#8221;light&#8221; text_orientation=&#8221;left&#8221; border_style=&#8221;solid&#8221; module_alignment=&#8221;left&#8221;]<\/p>\n<p>Le HXR-MC1500 donne une touche de professionnalisme \u00e0 votre style de prise de vue et il est l\u2019alli\u00e9 id\u00e9al des mariages, des vid\u00e9os d\u2019entreprises et des \u00e9tablissements scolaires. L\u00e9ger et simple \u00e0 l\u2019utilisation, il est con\u00e7u sur un design d\u2019\u00e9paule qui renforce votre cr\u00e9dibilit\u00e9 professionnelle aupr\u00e8s de votre client\u00e8le. Proposant en outre un enregistrement sur carte m\u00e9moire ou sur un syst\u00e8me de stockage interne \u00e0 m\u00e9moire flash de 32 Go (en Haute D\u00e9finition ou en d\u00e9finition standard SD), il optimise grandement la flexibilit\u00e9 de votre workflow.<br \/>\nCette option permet presque 6 heures d\u2019enregistrement continu, ce qui est id\u00e9al pour les grandes occasions (mariages, conf\u00e9rences) o\u00f9 il est pr\u00e9f\u00e9rable de laisser la cam\u00e9ra tourner en continu.<br \/>\nLe HXR-MC1500 est con\u00e7u pour \u00eatre le compl\u00e9ment d\u2019entr\u00e9e de gamme parfait de tout workflow non lin\u00e9aire. C\u2019est un kit de production DVD ou Blu-ray extr\u00eamement rentable, assez flexible pour exprimer votre cr\u00e9ativit\u00e9 tout en adh\u00e9rant aux crit\u00e8res qualitatifs de vos clients.<\/p>\n<p>[\/et_pb_text][et_pb_button _builder_version=&#8221;3.0.82&#8243; button_text=&#8221;Afficher Plus&#8221; button_url=&#8221;http:\/\/mliprod.com\/index.php\/sony-hxr-mc1500\/&#8221; url_new_window=&#8221;off&#8221; button_alignment=&#8221;center&#8221; background_layout=&#8221;light&#8221; custom_button=&#8221;off&#8221; button_icon_placement=&#8221;right&#8221; box_shadow_position=&#8221;outer&#8221; \/][\/et_pb_column][\/et_pb_row][et_pb_row background_position=&#8221;top_left&#8221; background_repeat=&#8221;repeat&#8221; background_size=&#8221;initial&#8221;][et_pb_column type=&#8221;4_4&#8243;][et_pb_cta _builder_version=&#8221;3.0.49&#8243; title=&#8221;SONY HDV Z1E 3CCD&#8221; url_new_window=&#8221;off&#8221; use_background_color=&#8221;on&#8221; background_layout=&#8221;dark&#8221; border_style=&#8221;solid&#8221; custom_button=&#8221;off&#8221; button_letter_spacing=&#8221;0&#8243; button_icon_placement=&#8221;right&#8221; button_letter_spacing_hover=&#8221;0&#8243; \/][\/et_pb_column][\/et_pb_row][et_pb_row background_position=&#8221;top_left&#8221; background_repeat=&#8221;repeat&#8221; background_size=&#8221;initial&#8221;][et_pb_column type=&#8221;2_3&#8243;][et_pb_text _builder_version=&#8221;3.0.49&#8243; background_layout=&#8221;light&#8221; text_orientation=&#8221;left&#8221; border_style=&#8221;solid&#8221; module_alignment=&#8221;left&#8221;]<\/p>\n<p>Le cam\u00e9scope HVR-Z1E est un appareil professionnel au format HDV accompagn\u00e9 de la norme 1080i. Compl\u00e9tant la gamme DVCAM, le HVR-Z1E offre un acc\u00e8s \u00e9conomique \u00e0 la d\u00e9finition standard (SD) vers la HD, en conservant les avantages de la gamme de produits DVCAM tr\u00e8s r\u00e9pandue : la simplicit\u00e9 d\u2019utilisation et la connectivit\u00e9 i.LINK (IEEE1394). Outre sa taille compacte, le cam\u00e9scope HVR-Z1E poss\u00e8de un certain nombre de caract\u00e9ristiques introuvables sur les produits grand public, qui en font le choix privil\u00e9gi\u00e9 pour les professionnels.<\/p>\n<p>Ce produit est livr\u00e9 avec la garantie totale Prime Support. Elle comprend un service de r\u00e9paration rapide, une assistance technique professionnelle et le pr\u00eat gratuit d\u2019un mat\u00e9riel de remplacement pendant la dur\u00e9e de r\u00e9paration de votre appareil.<\/p>\n<p>Gr\u00e2ce \u00e0 cette garantie, vous \u00eates s\u00fbr que Sony prend soin de votre \u00e9quipement et que votre activit\u00e9 professionnelle ne cesse pas.<\/p>\n<p>[\/et_pb_text][et_pb_button _builder_version=&#8221;3.0.82&#8243; button_text=&#8221;Afficher Plus&#8221; button_url=&#8221;http:\/\/mliprod.com\/index.php\/456-2\/&#8221; url_new_window=&#8221;off&#8221; button_alignment=&#8221;center&#8221; background_layout=&#8221;light&#8221; custom_button=&#8221;off&#8221; button_icon_placement=&#8221;right&#8221; box_shadow_position=&#8221;outer&#8221; \/][\/et_pb_column][et_pb_column type=&#8221;1_3&#8243;][et_pb_gallery _builder_version=&#8221;3.0.49&#8243; show_title_and_caption=&#8221;on&#8221; show_pagination=&#8221;on&#8221; gallery_ids=&#8221;459,453,457,458&#8243; fullwidth=&#8221;on&#8221; orientation=&#8221;landscape&#8221; zoom_icon_color=&#8221;#00a8ff&#8221; hover_overlay_color=&#8221;rgba(255,255,255,0.9)&#8221; background_layout=&#8221;light&#8221; border_style=&#8221;solid&#8221; auto=&#8221;off&#8221; hover_icon=&#8221;%%40%%&#8221; \/][\/et_pb_column][\/et_pb_row][et_pb_row background_position=&#8221;top_left&#8221; background_repeat=&#8221;repeat&#8221; background_size=&#8221;initial&#8221;][et_pb_column type=&#8221;4_4&#8243;][et_pb_cta _builder_version=&#8221;3.0.49&#8243; title=&#8221;NIKON D90&#8243; url_new_window=&#8221;off&#8221; use_background_color=&#8221;on&#8221; background_layout=&#8221;dark&#8221; border_style=&#8221;solid&#8221; custom_button=&#8221;off&#8221; button_letter_spacing=&#8221;0&#8243; button_icon_placement=&#8221;right&#8221; button_letter_spacing_hover=&#8221;0&#8243; \/][\/et_pb_column][\/et_pb_row][et_pb_row admin_label=&#8221;row&#8221; background_position=&#8221;top_left&#8221; background_repeat=&#8221;repeat&#8221; background_size=&#8221;initial&#8221;][et_pb_column type=&#8221;1_3&#8243;][et_pb_gallery _builder_version=&#8221;3.0.49&#8243; show_title_and_caption=&#8221;off&#8221; show_pagination=&#8221;on&#8221; gallery_ids=&#8221;473,472,474,476,477&#8243; fullwidth=&#8221;on&#8221; orientation=&#8221;landscape&#8221; zoom_icon_color=&#8221;#00a8ff&#8221; hover_overlay_color=&#8221;rgba(255,255,255,0.9)&#8221; background_layout=&#8221;light&#8221; border_style=&#8221;solid&#8221; auto=&#8221;off&#8221; hover_icon=&#8221;%%40%%&#8221; \/][\/et_pb_column][et_pb_column type=&#8221;2_3&#8243;][et_pb_text _builder_version=&#8221;3.0.49&#8243; background_layout=&#8221;light&#8221; text_orientation=&#8221;left&#8221; border_style=&#8221;solid&#8221; module_alignment=&#8221;left&#8221;]<\/p>\n<div class=\"one_column_large_image row\">\n<div class=\"text_wrapper\">\n<p class=\"p1\">Le D90 b\u00e9n\u00e9ficie de la technologie des reflex num\u00e9riques phares de Nikon et de toute une gamme de fonctions \u00e9volu\u00e9es qui vous permettent d&#8217;obtenir des r\u00e9sultats de grande qualit\u00e9. Son capteur d&#8217;image CMOS au format DX avec 12,3 millions de pixels et son syst\u00e8me de traitement d&#8217;image EXPEED offrent une qualit\u00e9 d&#8217;image exceptionnelle dans une plage \u00e9tendue de sensibilit\u00e9s ISO. Le mode Live view vous permet de composer et de photographier par le biais du moniteur ACL haute r\u00e9solution de 3 pouces, tandis qu&#8217;un syst\u00e8me avanc\u00e9 de reconnaissance de sc\u00e8ne et un autofocus performant vous aident \u00e0 capturer des images d&#8217;une pr\u00e9cision \u00e9poustouflante. Il est possible d&#8217;enregistrer des films vid\u00e9o au format Motion-JPEG gr\u00e2ce \u00e0 la fonction innovante D-Movie. Le large capteur d&#8217;image de l&#8217;appareil vous garantit une qualit\u00e9 d&#8217;image exceptionnelle des films ; vous pouvez \u00e9galement cr\u00e9er des effets spectaculaires en utilisant toute une gamme d&#8217;objectifs NIKKOR interchangeables, du grand-angle au fisheye en passant par le macro, ou en r\u00e9glant l&#8217;ouverture de l&#8217;objectif et jouer avec la profondeur de champ. Le D90 est parfait pour assouvir votre passion de la photographie.<\/p>\n<\/div>\n<\/div>\n<div class=\"one_column_large_image row\"><\/div>\n<p>[\/et_pb_text][et_pb_button _builder_version=&#8221;3.0.82&#8243; button_text=&#8221;Afficher Plus&#8221; button_url=&#8221;http:\/\/mliprod.com\/index.php\/nikon-d90\/&#8221; url_new_window=&#8221;off&#8221; button_alignment=&#8221;center&#8221; background_layout=&#8221;light&#8221; custom_button=&#8221;off&#8221; button_icon_placement=&#8221;right&#8221; box_shadow_position=&#8221;outer&#8221; \/][\/et_pb_column][\/et_pb_row][et_pb_row background_position=&#8221;top_left&#8221; background_repeat=&#8221;repeat&#8221; background_size=&#8221;initial&#8221;][et_pb_column type=&#8221;4_4&#8243;][et_pb_cta _builder_version=&#8221;3.0.49&#8243; title=&#8221;CANON 550D&#8221; url_new_window=&#8221;off&#8221; use_background_color=&#8221;on&#8221; background_layout=&#8221;dark&#8221; border_style=&#8221;solid&#8221; custom_button=&#8221;off&#8221; button_letter_spacing=&#8221;0&#8243; button_icon_placement=&#8221;right&#8221; button_letter_spacing_hover=&#8221;0&#8243; \/][\/et_pb_column][\/et_pb_row][et_pb_row background_position=&#8221;top_left&#8221; background_repeat=&#8221;repeat&#8221; background_size=&#8221;initial&#8221;][et_pb_column type=&#8221;2_3&#8243;][et_pb_text _builder_version=&#8221;3.0.49&#8243; background_layout=&#8221;light&#8221; text_orientation=&#8221;left&#8221; border_style=&#8221;solid&#8221; module_alignment=&#8221;left&#8221;]<\/p>\n<p>Le\u00a0<b>Canon EOS 550D<\/b>,\u00a0<i>Digital Rebel T2i<\/i>\u00a0en Am\u00e9rique du Nord, ou \u00e9galement\u00a0<i>EOS Kiss X4<\/i>\u00a0au Japon, est un\u00a0appareil photographique reflex num\u00e9rique\u00a0mono-objectif de 18\u00a0m\u00e9gapixels\u00a0fabriqu\u00e9 par\u00a0Canon.<\/p>\n<p>Annonc\u00e9 le 8 f\u00e9vrier 2010, il est commercialis\u00e9 d\u00e9but mars de la m\u00eame ann\u00e9e.<\/p>\n<p>Dans le catalogue de Canon, il se positionne entre le\u00a0500D\u00a0(milieu de gamme, sorti en mai 2009) et le\u00a07D\u00a0(haut de gamme, sorti en septembre 2009). N\u00e9anmoins, m\u00eame si la finition est identique au premier nomm\u00e9, ses performances photo et vid\u00e9o le rapprochent plus du second.<\/p>\n<p>Canon a re\u00e7u pour ce bo\u00eetier le prix TIPA (Technical Image Press Association) du meilleur reflex \u00ab\u00a0avanc\u00e9\u00a0\u00bb en 2010.<\/p>\n<p>[\/et_pb_text][et_pb_button _builder_version=&#8221;3.0.82&#8243; button_text=&#8221;Afficher Plus&#8221; button_url=&#8221;http:\/\/mliprod.com\/index.php\/canon-550d\/&#8221; url_new_window=&#8221;off&#8221; button_alignment=&#8221;center&#8221; background_layout=&#8221;light&#8221; custom_button=&#8221;off&#8221; button_icon_placement=&#8221;right&#8221; box_shadow_position=&#8221;outer&#8221; \/][\/et_pb_column][et_pb_column type=&#8221;1_3&#8243;][et_pb_gallery _builder_version=&#8221;3.0.49&#8243; show_title_and_caption=&#8221;on&#8221; show_pagination=&#8221;on&#8221; gallery_ids=&#8221;487,489,488,486&#8243; fullwidth=&#8221;on&#8221; orientation=&#8221;landscape&#8221; zoom_icon_color=&#8221;#00a8ff&#8221; hover_overlay_color=&#8221;rgba(255,255,255,0.9)&#8221; background_layout=&#8221;light&#8221; border_style=&#8221;solid&#8221; auto=&#8221;off&#8221; hover_icon=&#8221;%%40%%&#8221; \/][\/et_pb_column][\/et_pb_row][\/et_pb_section]<\/p>\n","protected":false},"excerpt":{"rendered":"<p>[et_pb_section bb_built=&#8221;1&#8243; fullwidth=&#8221;off&#8221; specialty=&#8221;off&#8221; _builder_version=&#8221;3.0.49&#8243; background_image=&#8221;http:\/\/mliprod.com\/wp-content\/uploads\/2017\/09\/video_captation_tribal_sound.jpg&#8221; custom_padding=&#8221;80px||80px|&#8221;][et_pb_row background_position=&#8221;top_left&#8221; background_repeat=&#8221;repeat&#8221; background_size=&#8221;initial&#8221;][et_pb_column type=&#8221;4_4&#8243;][et_pb_button _builder_version=&#8221;3.0.82&#8243; button_text=&#8221;Location Mat\u00e9riels AudioVisuel&#8221; url_new_window=&#8221;off&#8221; button_alignment=&#8221;center&#8221; background_layout=&#8221;light&#8221; custom_button=&#8221;off&#8221; button_icon_placement=&#8221;right&#8221; box_shadow_position=&#8221;outer&#8221; \/][et_pb_text _builder_version=&#8221;3.0.49&#8243; background_layout=&#8221;light&#8221; text_orientation=&#8221;left&#8221; border_style=&#8221;solid&#8221; module_alignment=&#8221;left&#8221; \/][\/et_pb_column][\/et_pb_row][\/et_pb_section][et_pb_section bb_built=&#8221;1&#8243; admin_label=&#8221;section&#8221;][et_pb_row background_position=&#8221;top_left&#8221; background_repeat=&#8221;repeat&#8221; background_size=&#8221;initial&#8221;][et_pb_column type=&#8221;4_4&#8243;][et_pb_cta _builder_version=&#8221;3.0.49&#8243; title=&#8221;SONY HXR-MC1500&#8243; url_new_window=&#8221;off&#8221; use_background_color=&#8221;on&#8221; background_layout=&#8221;dark&#8221; border_style=&#8221;solid&#8221; custom_button=&#8221;off&#8221; button_letter_spacing=&#8221;0&#8243; button_icon_placement=&#8221;right&#8221; button_letter_spacing_hover=&#8221;0&#8243; \/][\/et_pb_column][\/et_pb_row][et_pb_row admin_label=&#8221;row&#8221; background_position=&#8221;top_left&#8221; background_repeat=&#8221;repeat&#8221; background_size=&#8221;initial&#8221;][et_pb_column type=&#8221;1_3&#8243;][et_pb_gallery _builder_version=&#8221;3.0.49&#8243; show_title_and_caption=&#8221;off&#8221; show_pagination=&#8221;on&#8221; gallery_ids=&#8221;444,443,442,445&#8243; [&hellip;]<\/p>\n","protected":false},"author":1,"featured_media":0,"parent":0,"menu_order":0,"comment_status":"closed","ping_status":"closed","template":"page-template-fullwidth.php","meta":{"footnotes":""},"_links":{"self":[{"href":"https:\/\/mliprod.com\/index.php\/wp-json\/wp\/v2\/pages\/450"}],"collection":[{"href":"https:\/\/mliprod.com\/index.php\/wp-json\/wp\/v2\/pages"}],"about":[{"href":"https:\/\/mliprod.com\/index.php\/wp-json\/wp\/v2\/types\/page"}],"author":[{"embeddable":true,"href":"https:\/\/mliprod.com\/index.php\/wp-json\/wp\/v2\/users\/1"}],"replies":[{"embeddable":true,"href":"https:\/\/mliprod.com\/index.php\/wp-json\/wp\/v2\/comments?post=450"}],"version-history":[{"count":2,"href":"https:\/\/mliprod.com\/index.php\/wp-json\/wp\/v2\/pages\/450\/revisions"}],"predecessor-version":[{"id":578,"href":"https:\/\/mliprod.com\/index.php\/wp-json\/wp\/v2\/pages\/450\/revisions\/578"}],"wp:attachment":[{"href":"https:\/\/mliprod.com\/index.php\/wp-json\/wp\/v2\/media?parent=450"}],"curies":[{"name":"wp","href":"https:\/\/api.w.org\/{rel}","templated":true}]}}