{"id":456,"date":"2017-09-19T22:03:52","date_gmt":"2017-09-19T20:03:52","guid":{"rendered":"http:\/\/diaspora-tn.org\/mli\/?page_id=456"},"modified":"2017-09-19T22:03:52","modified_gmt":"2017-09-19T20:03:52","slug":"456-2","status":"publish","type":"page","link":"https:\/\/mliprod.com\/index.php\/456-2\/","title":{"rendered":"SONY HVR-Z1E 3CCD"},"content":{"rendered":"<p>[et_pb_section bb_built=&#8221;1&#8243; admin_label=&#8221;section&#8221;][et_pb_row admin_label=&#8221;row&#8221; background_position=&#8221;top_left&#8221; background_repeat=&#8221;repeat&#8221; background_size=&#8221;initial&#8221;][et_pb_column type=&#8221;4_4&#8243;][et_pb_gallery admin_label=&#8221;Galerie&#8221; _builder_version=&#8221;3.0.49&#8243; show_title_and_caption=&#8221;off&#8221; show_pagination=&#8221;on&#8221; gallery_ids=&#8221;463,462,461,460&#8243; fullwidth=&#8221;off&#8221; orientation=&#8221;landscape&#8221; zoom_icon_color=&#8221;#00a8ff&#8221; hover_overlay_color=&#8221;rgba(255,255,255,0.9)&#8221; background_layout=&#8221;light&#8221; border_style=&#8221;solid&#8221; auto=&#8221;off&#8221; \/][et_pb_text admin_label=&#8221;Texte&#8221; _builder_version=&#8221;3.0.49&#8243; background_layout=&#8221;light&#8221; text_orientation=&#8221;left&#8221; border_style=&#8221;solid&#8221;]<\/p>\n<p>Le cam\u00e9scope HVR-Z1E est un appareil professionnel au format HDV accompagn\u00e9 de la norme 1080i. Compl\u00e9tant la gamme DVCAM, le HVR-Z1E offre un acc\u00e8s \u00e9conomique \u00e0 la d\u00e9finition standard (SD) vers la HD, en conservant les avantages de la gamme de produits DVCAM tr\u00e8s r\u00e9pandue : la simplicit\u00e9 d\u2019utilisation et la connectivit\u00e9 i.LINK (IEEE1394). Outre sa taille compacte, le cam\u00e9scope HVR-Z1E poss\u00e8de un certain nombre de caract\u00e9ristiques introuvables sur les produits grand public, qui en font le choix privil\u00e9gi\u00e9 pour les professionnels.<\/p>\n<p>Ce produit est livr\u00e9 avec la garantie totale Prime Support. Elle comprend un service de r\u00e9paration rapide, une assistance technique professionnelle et le pr\u00eat gratuit d\u2019un mat\u00e9riel de remplacement pendant la dur\u00e9e de r\u00e9paration de votre appareil.<\/p>\n<p>Gr\u00e2ce \u00e0 cette garantie, vous \u00eates s\u00fbr que Sony prend soin de votre \u00e9quipement et que votre activit\u00e9 professionnelle ne cesse pas.<\/p>\n<h2 class=\"tab-content-title\">Sp\u00e9cifications techniques<\/h2>\n<div class=\"expand-collapse\">\n<h1 class=\"expand-collapse-heading\"><\/h1>\n<div class=\"1 expand-collapse-content\">\n<table class=\"table-type1\" border=\"0\" cellspacing=\"0\" cellpadding=\"0\">\n<tbody>\n<tr>\n<th>Objectif<\/th>\n<td>Zoom optique 12x avec la technologie Carl Zeiss Vario-Sonnar T*,<br \/>\nf = 4,5 \u00e0 54\u00a0mm<br \/>\nf = 32,5 \u00e0 390\u00a0mm (*2) en mode 16:9<br \/>\nf = 40 \u00e0 480\u00a0mm (*2) en mode 4:3<br \/>\nF = 1.6 \u00e0 2.8\u00a0; diam\u00e8tre du filtre\u00a0: 72\u00a0mm<\/td>\n<\/tr>\n<tr>\n<th>Filtre int\u00e9gr\u00e9<\/th>\n<td>1\/6 ND, 1\/32 ND<\/td>\n<\/tr>\n<tr>\n<th>Mise au point<\/th>\n<td>Automatique, manuel (bague de mise au point\/infini), automatique \u00ab\u00a0one push auto\u00a0\u00bb<\/td>\n<\/tr>\n<tr>\n<th>Capteur<\/th>\n<td>3 CCD 1\/3\u00a0pouce au format 16:9<\/td>\n<\/tr>\n<tr>\n<th>Pixels<\/th>\n<td>Environ 1\u00a0070\u00a0000\u00a0pixels (effectifs), environ 1\u00a0120\u00a0000\u00a0pixels (total)<\/td>\n<\/tr>\n<tr>\n<th>Balance des blancs<\/th>\n<td>Automatique, \u00ab\u00a0one-push auto\u00a0\u00bb, int\u00e9rieur (3200\u00a0K), ext\u00e9rieur (5800\u00a0K, incr\u00e9ments \u00b17)<\/td>\n<\/tr>\n<\/tbody>\n<\/table>\n<p>&nbsp;<\/p>\n<\/div>\n<h1 class=\"expand-collapse-heading\">Vitesse d\u2019obturation<\/h1>\n<div class=\"2 expand-collapse-content\">\n<table class=\"table-type1\" border=\"0\" cellspacing=\"0\" cellpadding=\"0\">\n<tbody>\n<tr>\n<th>Mode 60i\/NTSC<\/th>\n<td>1\/4, 1\/8, 1\/15, 1\/30, 1\/60, 1\/90, 1\/100, 1\/125, 1\/180, 1\/250, 1\/350, 1\/500, 1\/725, 1\/1000, 1\/1500, 1\/2000, 1\/3000, 1\/4000, 1\/6000, 1\/10000\u00a0s<\/td>\n<\/tr>\n<tr>\n<th>Mode 50i\/PAL<\/th>\n<td>1\/3, 1\/6, 1\/12, 1\/25, 1\/50, 1\/60, 1\/100, 1\/120, 1\/150, 1\/215, 1\/300, 1\/425, 1\/600, 1\/1000, 1\/1250, 1\/1750, 1\/2500, 1\/3500, 1\/6000, 1\/10000\u00a0s<\/td>\n<\/tr>\n<tr>\n<th>Exposition<\/th>\n<td>Automatique, manuel<\/td>\n<\/tr>\n<tr>\n<th>Gain<\/th>\n<td>0, 3, 6, 9, 12, 15, 18\u00a0dB (gain r\u00e9glable pour les positions H, M et L)<\/td>\n<\/tr>\n<tr>\n<th>Eclairage minimum<\/th>\n<td>3\u00a0lx avec F1.6 \u00e0 18\u00a0dB<\/td>\n<\/tr>\n<tr>\n<th>Format d\u2019enregistrement<\/th>\n<td>1080\/60i, 1080\/50i, 480\/60i (NTSC), 576\/50i (PAL)<\/td>\n<\/tr>\n<tr>\n<th>Format de down-conversion\/lecture<\/th>\n<td>1080\/60i, 1080\/50i, 480\/60i (NTSC), 576\/50i (PAL), 480\/60p, 576\/50p<\/td>\n<\/tr>\n<\/tbody>\n<\/table>\n<\/div>\n<h1 class=\"expand-collapse-heading\">Vitesse de bande<\/h1>\n<div class=\"3 expand-collapse-content\">\n<table class=\"table-type1\" border=\"0\" cellspacing=\"0\" cellpadding=\"0\">\n<tbody>\n<tr>\n<th>HDV\/DV SP<\/th>\n<td>Max. 18,812\u00a0mm\/s avec la cassette PHDVM-63DM<\/td>\n<\/tr>\n<tr>\n<th>DVCAM<\/th>\n<td>Max. 28,218\u00a0mm\/s avec la cassette PHDVM-63DM<\/td>\n<\/tr>\n<\/tbody>\n<\/table>\n<p>&nbsp;<\/p>\n<\/div>\n<h1 class=\"expand-collapse-heading\">Dur\u00e9e d\u2019enregistrement\/de lecture<\/h1>\n<div class=\"4 expand-collapse-content\">\n<table class=\"table-type1\" border=\"0\" cellspacing=\"0\" cellpadding=\"0\">\n<tbody>\n<tr>\n<th>Sortie vid\u00e9o composantes<\/th>\n<td>Connecteurs SORTIES COMPOSANTES<\/td>\n<\/tr>\n<tr>\n<th>i.LINK<\/th>\n<td>4\u00a0broches<\/td>\n<\/tr>\n<tr>\n<th>Entr\u00e9e audio XLR<\/th>\n<td>XLR 3\u00a0broches (femelle) x 2, 327\u00a0mV, -60\u00a0dBu\u00a0: 3\u00a0k\u03a9, +40\u00a0dBu\u00a0: 10,8\u00a0k\u03a9, alimentation\u00a0: environ 40\u00a0V<\/td>\n<\/tr>\n<tr>\n<th>Casque<\/th>\n<td>Mini-jack st\u00e9r\u00e9o (3,5\u00a0mm)<\/td>\n<\/tr>\n<tr>\n<th>LANC<\/th>\n<td>Mini mini-jack st\u00e9r\u00e9o (3,5\u00a0mm)<\/td>\n<\/tr>\n<tr>\n<th>Viseur LCD couleur<\/th>\n<td>0,44\u00a0pouce, environ 252\u00a0000\u00a0pixels (1120\u00a0x\u00a0225), type hybride<\/td>\n<\/tr>\n<tr>\n<th>Moniteur LCD couleur<\/th>\n<td>3,5\u00a0pouces, environ 250\u00a0000\u00a0pixels (1120\u00a0x\u00a0224), type hybride<\/td>\n<\/tr>\n<tr>\n<th>Microphone<\/th>\n<td>St\u00e9r\u00e9o, activation\/d\u00e9sactivation du r\u00e9ducteur de bruit<\/td>\n<\/tr>\n<tr>\n<th>Poids<\/th>\n<td>Environ 2,1\u00a0Kg (cam\u00e9scope uniquement)<\/td>\n<\/tr>\n<tr>\n<th>Alimentation<\/th>\n<td>7,2\u00a0V\u00a0CC (pack batterie)<\/td>\n<\/tr>\n<tr>\n<th>HDV\/DV SP<\/th>\n<td>Max. 63\u00a0min avec la cassette PHDVM-63DM<\/td>\n<\/tr>\n<tr>\n<th>DVCAM<\/th>\n<td>Max. 41\u00a0min avec la cassette PHDVM-63DM<\/td>\n<\/tr>\n<tr>\n<th>Temps de rembobinage\/avance rapide<\/th>\n<td>Environ 2\u00a0min 40\u00a0s avec la cassette PHDVM-63DM<\/td>\n<\/tr>\n<tr>\n<th>Entr\u00e9e\/Sortie Audio\/Vid\u00e9o<\/th>\n<td>Connecteur jack AUDIO\/VIDEO x1<\/td>\n<\/tr>\n<tr>\n<th>Entr\u00e9e\/Sortie S-Video<\/th>\n<td>Mini-DIN 4\u00a0broches (x1)<\/td>\n<\/tr>\n<\/tbody>\n<\/table>\n<p>&nbsp;<\/p>\n<\/div>\n<h1 class=\"expand-collapse-heading\">Consommation \u00e9lectrique<\/h1>\n<div class=\"5 expand-collapse-content\">\n<table class=\"table-type1\" border=\"0\" cellspacing=\"0\" cellpadding=\"0\">\n<tbody>\n<tr>\n<th>HDV<\/th>\n<td>Environ 8,0\u00a0W (mode enregistrement avec viseur LCD allum\u00e9)<\/td>\n<\/tr>\n<tr>\n<th>DVCAM\/DV<\/th>\n<td>Environ 7,6\u00a0W (mode enregistrement avec viseur LCD allum\u00e9)<\/td>\n<\/tr>\n<tr>\n<th>Temp\u00e9rature de fonctionnement<\/th>\n<td>De 0 \u00e0 40\u00a0\u00b0C<\/td>\n<\/tr>\n<tr>\n<th>Temp\u00e9rature de stockage<\/th>\n<td>(*2) Valeurs calcul\u00e9es \u00e9quivalentes \u00e0 celles obtenues avec un film de 35\u00a0mm.<\/td>\n<\/tr>\n<\/tbody>\n<\/table>\n<p>&nbsp;<\/p>\n<\/div>\n<h1 class=\"expand-collapse-heading\">Accessoires Fournis<\/h1>\n<div class=\"6 expand-collapse-content\">\n<table class=\"table-type1\" border=\"0\" cellspacing=\"0\" cellpadding=\"0\">\n<tbody>\n<tr>\n<th>C\u00e2ble A\/V<\/th>\n<td><\/td>\n<\/tr>\n<tr>\n<th>AC-VQ850 Adaptateur\/chargeur CA<\/th>\n<td><\/td>\n<\/tr>\n<tr>\n<th>Cassette de nettoyage<\/th>\n<td><\/td>\n<\/tr>\n<tr>\n<th>C\u00e2ble vid\u00e9o composantes<\/th>\n<td><\/td>\n<\/tr>\n<tr>\n<th>C\u00e2ble de connexion<\/th>\n<td><\/td>\n<\/tr>\n<tr>\n<th>Grand relief d&#8217;\u0153il<\/th>\n<td><\/td>\n<\/tr>\n<tr>\n<th>Pare-soleil<\/th>\n<td><\/td>\n<\/tr>\n<tr>\n<th>Pack batterie rechargeable InfoLITIUM NP-F570<\/th>\n<td><\/td>\n<\/tr>\n<tr>\n<th>Manuel d\u2019utilisation<\/th>\n<td><\/td>\n<\/tr>\n<tr>\n<th>Cordon d&#8217;alimentation<\/th>\n<td><\/td>\n<\/tr>\n<tr>\n<th>T\u00e9l\u00e9commande sans fil RMT-841<\/th>\n<td><\/td>\n<\/tr>\n<tr>\n<th>Griffe porte-accessoires<\/th>\n<td><\/td>\n<\/tr>\n<tr>\n<th>Epauli\u00e8re<\/th>\n<td><\/td>\n<\/tr>\n<tr>\n<th>Pile AA (R6)<\/th>\n<\/tr>\n<\/tbody>\n<\/table>\n<\/div>\n<\/div>\n<p>[\/et_pb_text][\/et_pb_column][\/et_pb_row][\/et_pb_section]<\/p>\n","protected":false},"excerpt":{"rendered":"<p>[et_pb_section bb_built=&#8221;1&#8243; admin_label=&#8221;section&#8221;][et_pb_row admin_label=&#8221;row&#8221; background_position=&#8221;top_left&#8221; background_repeat=&#8221;repeat&#8221; background_size=&#8221;initial&#8221;][et_pb_column type=&#8221;4_4&#8243;][et_pb_gallery admin_label=&#8221;Galerie&#8221; _builder_version=&#8221;3.0.49&#8243; show_title_and_caption=&#8221;off&#8221; show_pagination=&#8221;on&#8221; gallery_ids=&#8221;463,462,461,460&#8243; fullwidth=&#8221;off&#8221; orientation=&#8221;landscape&#8221; zoom_icon_color=&#8221;#00a8ff&#8221; hover_overlay_color=&#8221;rgba(255,255,255,0.9)&#8221; background_layout=&#8221;light&#8221; border_style=&#8221;solid&#8221; auto=&#8221;off&#8221; \/][et_pb_text admin_label=&#8221;Texte&#8221; _builder_version=&#8221;3.0.49&#8243; background_layout=&#8221;light&#8221; text_orientation=&#8221;left&#8221; border_style=&#8221;solid&#8221;] Le cam\u00e9scope HVR-Z1E est un appareil professionnel au format HDV accompagn\u00e9 de la norme 1080i. Compl\u00e9tant la gamme DVCAM, le HVR-Z1E offre un acc\u00e8s \u00e9conomique \u00e0 la d\u00e9finition standard [&hellip;]<\/p>\n","protected":false},"author":1,"featured_media":0,"parent":0,"menu_order":0,"comment_status":"closed","ping_status":"closed","template":"","meta":{"footnotes":""},"_links":{"self":[{"href":"https:\/\/mliprod.com\/index.php\/wp-json\/wp\/v2\/pages\/456"}],"collection":[{"href":"https:\/\/mliprod.com\/index.php\/wp-json\/wp\/v2\/pages"}],"about":[{"href":"https:\/\/mliprod.com\/index.php\/wp-json\/wp\/v2\/types\/page"}],"author":[{"embeddable":true,"href":"https:\/\/mliprod.com\/index.php\/wp-json\/wp\/v2\/users\/1"}],"replies":[{"embeddable":true,"href":"https:\/\/mliprod.com\/index.php\/wp-json\/wp\/v2\/comments?post=456"}],"version-history":[{"count":0,"href":"https:\/\/mliprod.com\/index.php\/wp-json\/wp\/v2\/pages\/456\/revisions"}],"wp:attachment":[{"href":"https:\/\/mliprod.com\/index.php\/wp-json\/wp\/v2\/media?parent=456"}],"curies":[{"name":"wp","href":"https:\/\/api.w.org\/{rel}","templated":true}]}}