{"id":846,"date":"2023-11-23T14:15:29","date_gmt":"2023-11-23T13:15:29","guid":{"rendered":"http:\/\/mliprod.com\/?page_id=846"},"modified":"2023-12-18T10:00:55","modified_gmt":"2023-12-18T09:00:55","slug":"madrasati-project","status":"publish","type":"page","link":"https:\/\/mliprod.com\/index.php\/madrasati-project\/","title":{"rendered":"Madrasati Project"},"content":{"rendered":"<p>[et_pb_section bb_built=&#8221;1&#8243;][et_pb_row _builder_version=&#8221;3.0.82&#8243;][et_pb_column type=&#8221;4_4&#8243;][et_pb_text _builder_version=&#8221;3.0.82&#8243; background_layout=&#8221;light&#8221; border_style=&#8221;solid&#8221; box_shadow_position=&#8221;outer&#8221;]<\/p>\n<p>MadRasati is a project which improves elementary schools through its alumni, especially those living outside Tunisia.<\/p>\n<p>MadRasati est une projet innovant\u00a0qui aboutira \u00e0 l&#8217;am\u00e9lioration des \u00e9coles primaires par leurs anciens dipl\u00f4m\u00e9s surtout\u00a0ceux et celles r\u00e9sidant \u00e0 l&#8217;etranger.<\/p>\n<p dir=\"rtl\">\u0645\u0634\u0631\u0648\u0639 \u0645\u062f\u0631\u0633\u062a\u064a \u0644\u0643\u0644 \u0648\u0627\u062d\u062f \u062a\u0648\u0646\u0633\u064a \u062e\u0627\u0631\u062c \u0627\u0644\u0648\u0637\u0646 \u064a\u062d\u0628 \u064a\u0639\u064a\u0646 \u0645\u062f\u0631\u0633\u062a\u0647 \u0627\u0644\u0627\u0628\u062a\u062f\u0627\u0626\u064a\u0629 \u0648\u064a\u0631\u0641\u0639 \u0645\u0646 \u0645\u0633\u062a\u0648\u0627\u0647\u0627<\/p>\n<p>[\/et_pb_text][\/et_pb_column][\/et_pb_row][\/et_pb_section]<\/p>\n\n\n<p>[et_pb_section bb_built=&#8221;1&#8243;][et_pb_row _builder_version=&#8221;3.0.82&#8243;][et_pb_column type=&#8221;4_4&#8243;]<\/p>\n<h2>Find Your School<\/h2><form method=\"get\" action=\"\/index.php\/madrasati-project\/\"><label for=\"select-ville\">S\u00e9lectionnez une ville :<\/label><select name=\"ville\" id=\"select-ville\"><option><\/option><option class=\"parent\" value=\"13\" >Sfax1<\/option><option value=\"18\">&nbsp;&nbsp;Agareb<\/option><option value=\"19\">&nbsp;&nbsp;Bir Ali Ben Khalifa<\/option><option value=\"23\">&nbsp;&nbsp;Gra\u00efba<\/option><option value=\"17\">&nbsp;&nbsp;Kerkennah<\/option><option value=\"16\">&nbsp;&nbsp;Mahr\u00e8s<\/option><option value=\"25\">&nbsp;&nbsp;Menzel Chaker<\/option><option value=\"28\">&nbsp;&nbsp;Sfax Ville<\/option><option value=\"15\">&nbsp;&nbsp;Skhira<\/option><option value=\"27\">&nbsp;&nbsp;Thyna<\/option><option class=\"parent\" value=\"20\" >Sfax2<\/option><option value=\"21\">&nbsp;&nbsp;El Amra<\/option><option value=\"22\">&nbsp;&nbsp;El Hencha<\/option><option value=\"24\">&nbsp;&nbsp;Jebiniana<\/option><option value=\"26\">&nbsp;&nbsp;Sakiet Edda\u00efer<\/option><option value=\"14\">&nbsp;&nbsp;sakiet ezzit<\/option><\/select><input type=\"submit\" value=\"Rechercher\"><\/form>\n<p>[\/et_pb_column][\/et_pb_row][\/et_pb_section]<\/p>\n","protected":false},"excerpt":{"rendered":"","protected":false},"author":1,"featured_media":0,"parent":0,"menu_order":0,"comment_status":"closed","ping_status":"closed","template":"","meta":{"footnotes":""},"_links":{"self":[{"href":"https:\/\/mliprod.com\/index.php\/wp-json\/wp\/v2\/pages\/846"}],"collection":[{"href":"https:\/\/mliprod.com\/index.php\/wp-json\/wp\/v2\/pages"}],"about":[{"href":"https:\/\/mliprod.com\/index.php\/wp-json\/wp\/v2\/types\/page"}],"author":[{"embeddable":true,"href":"https:\/\/mliprod.com\/index.php\/wp-json\/wp\/v2\/users\/1"}],"replies":[{"embeddable":true,"href":"https:\/\/mliprod.com\/index.php\/wp-json\/wp\/v2\/comments?post=846"}],"version-history":[{"count":11,"href":"https:\/\/mliprod.com\/index.php\/wp-json\/wp\/v2\/pages\/846\/revisions"}],"predecessor-version":[{"id":877,"href":"https:\/\/mliprod.com\/index.php\/wp-json\/wp\/v2\/pages\/846\/revisions\/877"}],"wp:attachment":[{"href":"https:\/\/mliprod.com\/index.php\/wp-json\/wp\/v2\/media?parent=846"}],"curies":[{"name":"wp","href":"https:\/\/api.w.org\/{rel}","templated":true}]}}